{"id":383,"date":"2025-09-09T13:12:39","date_gmt":"2025-09-09T11:12:39","guid":{"rendered":"https:\/\/sendnow.money\/blog\/?page_id=383"},"modified":"2025-09-09T13:34:14","modified_gmt":"2025-09-09T11:34:14","slug":"como-enviar-dinero-de-forma-segura-desde-una-tarjeta-con-la-aplicacion-sendnow","status":"publish","type":"page","link":"https:\/\/sendnow.money\/blog\/es\/como-enviar-dinero-de-forma-segura-desde-una-tarjeta-con-la-aplicacion-sendnow\/","title":{"rendered":"C\u00f3mo enviar dinero de forma segura desde una tarjeta con la aplicaci\u00f3n SendNOW"},"content":{"rendered":"\n<h3 class=\"wp-block-heading\">Evita bloqueos de transferencias causados por datos no coincidentes entre la cuenta y el titular de la tarjeta.<\/h3>\n\n\n\n<p><a href=\"https:\/\/sendnow.money\/es?utm_source=blog_sendnow&amp;utm_campaign=blog_sendnow_post&amp;utm_content=blog_sendnow_post_300825_es\" target=\"_blank\" rel=\"noreferrer noopener\">Enviar dinero desde una tarjeta a trav\u00e9s de la aplicaci\u00f3n de transferencias de dinero SendNOW<\/a> es sencillo. Pero hay una regla importante que debes seguir. Esta protege tus fondos y asegura que tu transferencia se realice sin problemas.<\/p>\n\n\n\n<h3 class=\"wp-block-heading\"><strong><strong>La regla<\/strong><\/strong><\/h3>\n\n\n\n<p>El titular de la cuenta de SendNOW y el titular de la tarjeta deben ser la misma persona.<br><strong>Tu tarjeta \u2014 tu cuenta.<\/strong><\/p>\n\n\n\n<h3 class=\"wp-block-heading\"><strong><strong>Por qu\u00e9 es importante<\/strong><\/strong><\/h3>\n\n\n\n<p>SendNOW trabaja \u00fanicamente con proveedores de pago autorizados. Cuando pagas una transferencia, el proveedor recibe autom\u00e1ticamente los datos de tu cuenta y crea un perfil de pagador.<\/p>\n\n\n\n<p>Si los datos de la cuenta y del titular de la tarjeta no coinciden, la transferencia puede ser bloqueada \u2014 a veces de inmediato, otras veces despu\u00e9s de algunos intentos. Las violaciones repetidas pueden llevar al bloqueo de tu perfil o incluso de toda tu cuenta.<\/p>\n\n\n\n<h3 class=\"wp-block-heading\"><strong><strong>C\u00f3mo evitar bloqueos<\/strong><\/strong><\/h3>\n\n\n\n<ul class=\"wp-block-list\">\n<li>Usa tu cuenta personal solo para transferencias desde tus propias tarjetas y cuentas bancarias.<\/li>\n\n\n\n<li>Proporciona siempre tu nombre y apellido reales.<\/li>\n<\/ul>\n\n\n\n<p>\u00bfNecesitas enviar dinero a un familiar o amigo? No uses tu propia cuenta. En su lugar, ay\u00fadales a crear una cuenta personal en SendNOW. Solo toma unos minutos y evita cualquier problema.<\/p>\n\n\n\n<h3 class=\"wp-block-heading\"><strong><strong>Ejemplo de situaci\u00f3n<\/strong><\/strong><\/h3>\n\n\n\n<p>Una familia quiere enviar dinero a la madre de la esposa. Si el dinero se env\u00eda desde la tarjeta de la madre, la cuenta tambi\u00e9n debe estar a su nombre. De lo contrario, el proveedor de pagos puede marcar la transferencia como sospechosa y detenerla.<\/p>\n\n\n\n<figure class=\"wp-block-image size-large\"><img loading=\"lazy\" decoding=\"async\" width=\"633\" height=\"1024\" src=\"https:\/\/storage.googleapis.com\/sendnow-blog-prod-statless-media\/wp-content\/uploads\/f3cfdfc8-scratch2-633x1024.png\" alt=\"\" class=\"wp-image-187\" srcset=\"https:\/\/storage.googleapis.com\/sendnow-blog-prod-statless-media\/wp-content\/uploads\/f3cfdfc8-scratch2-633x1024.png 633w, https:\/\/storage.googleapis.com\/sendnow-blog-prod-statless-media\/wp-content\/uploads\/f3cfdfc8-scratch2-185x300.png 185w, https:\/\/storage.googleapis.com\/sendnow-blog-prod-statless-media\/wp-content\/uploads\/f3cfdfc8-scratch2-768x1242.png 768w, https:\/\/storage.googleapis.com\/sendnow-blog-prod-statless-media\/wp-content\/uploads\/f3cfdfc8-scratch2-950x1536.png 950w, https:\/\/storage.googleapis.com\/sendnow-blog-prod-statless-media\/wp-content\/uploads\/f3cfdfc8-scratch2.png 1020w\" sizes=\"auto, (max-width: 633px) 100vw, 633px\" \/><\/figure>\n\n\n\n<h3 class=\"wp-block-heading\"><strong><strong>Conclusi\u00f3n<\/strong><\/strong><\/h3>\n\n\n\n<p>Sigue esta sencilla regla: el titular de la tarjeta debe ser tambi\u00e9n el titular de la cuenta. De este modo, enviar\u00e1s dinero con la aplicaci\u00f3n SendNOW de forma r\u00e1pida, segura y sin riesgo de bloqueos.<\/p>\n\n\n\n<p>SendNOW sigue siendo un servicio confiable de transferencias internacionales de dinero, donde cada transacci\u00f3n pasa por canales autorizados y est\u00e1 protegida en cada etapa.<\/p>\n\n\n\n<p><a href=\"https:\/\/sendnow.money\/?utm_source=blog_sendnow&amp;utm_campaign=blog_sendnow_post&amp;utm_content=blog_sendnow_post_300825_en\" target=\"_blank\" rel=\"noreferrer noopener\"><\/a><a href=\"https:\/\/sendnow.money\/es?utm_source=blog_sendnow&amp;utm_campaign=blog_sendnow_post&amp;utm_content=blog_sendnow_post_300825_es\" target=\"_blank\" rel=\"noreferrer noopener\"><strong>Ir al servicio SendNOW:<\/strong><\/a><\/p>\n\n\n\n<figure class=\"wp-block-image size-large\"><a href=\"https:\/\/sendnow.money\/es?utm_source=blog_sendnow&amp;utm_campaign=blog_sendnow_post&amp;utm_content=blog_sendnow_post_300825_es\"><img loading=\"lazy\" decoding=\"async\" width=\"1024\" height=\"571\" src=\"https:\/\/storage.googleapis.com\/sendnow-blog-prod-statless-media\/wp-content\/uploads\/c0ce8899-envia-dinero-en-todo-el-mundo-de-manera-sencilla-1024x571.png\" alt=\"\" class=\"wp-image-385\" srcset=\"https:\/\/storage.googleapis.com\/sendnow-blog-prod-statless-media\/wp-content\/uploads\/c0ce8899-envia-dinero-en-todo-el-mundo-de-manera-sencilla-1024x571.png 1024w, https:\/\/storage.googleapis.com\/sendnow-blog-prod-statless-media\/wp-content\/uploads\/c0ce8899-envia-dinero-en-todo-el-mundo-de-manera-sencilla-300x167.png 300w, https:\/\/storage.googleapis.com\/sendnow-blog-prod-statless-media\/wp-content\/uploads\/c0ce8899-envia-dinero-en-todo-el-mundo-de-manera-sencilla-768x428.png 768w, https:\/\/storage.googleapis.com\/sendnow-blog-prod-statless-media\/wp-content\/uploads\/c0ce8899-envia-dinero-en-todo-el-mundo-de-manera-sencilla-1536x856.png 1536w, https:\/\/storage.googleapis.com\/sendnow-blog-prod-statless-media\/wp-content\/uploads\/c0ce8899-envia-dinero-en-todo-el-mundo-de-manera-sencilla.png 1600w\" sizes=\"auto, (max-width: 1024px) 100vw, 1024px\" \/><\/a><\/figure>\n\n\n\n<p><strong><strong><strong><strong>Otros art\u00edculos y gu\u00edas \u00fatiles que pueden interesarte:<\/strong><\/strong><\/strong><\/strong><\/p>\n\n\n\n<p>Art\u00edculo sobre c\u00f3mo los cambios en la legislaci\u00f3n rusa afectan a las transferencias a Rusia a trav\u00e9s de SendNOW: [<strong><a href=\"https:\/\/sendnow.money\/blog\/es\/como-enviar-dinero-a-rusia-en-2025\/\">\u00bfC\u00f3mo enviar dinero a Rusia en 2025?<\/a><\/strong>]<\/p>\n\n\n\n<p>Si necesitas enviar dinero a Rusia mediante criptomonedas, consulta esta gu\u00eda: [<strong><a href=\"https:\/\/sendnow.money\/blog\/es\/como-enviar-dinero-con-criptomonedas-en-la-aplicacion-sendnow-guia-paso-a-paso\/\">C\u00f3mo enviar dinero con criptomonedas en la aplicaci\u00f3n SendNOW: Gu\u00eda paso a paso<\/a><\/strong>]<\/p>\n\n\n\n<p><\/p>\n","protected":false},"excerpt":{"rendered":"<p>Evita bloqueos de transferencias causados por datos no coincidentes entre la cuenta y el titular de la tarjeta. Enviar dinero desde una tarjeta a trav\u00e9s de la aplicaci\u00f3n de transferencias de dinero SendNOW es sencillo. Pero hay una regla importante que debes seguir. Esta protege tus fondos y asegura que tu transferencia se realice sin [&hellip;]<\/p>\n","protected":false},"author":3,"featured_media":0,"parent":0,"menu_order":0,"comment_status":"closed","ping_status":"closed","template":"","meta":{"footnotes":""},"class_list":["post-383","page","type-page","status-publish","hentry"],"yoast_head":"<!-- This site is optimized with the Yoast SEO plugin v25.9 - https:\/\/yoast.com\/wordpress\/plugins\/seo\/ -->\n<title>C\u00f3mo enviar dinero de forma segura desde una tarjeta con la aplicaci\u00f3n SendNOW - Help &amp; Guides \u2014 SendNOW<\/title>\n<meta name=\"robots\" content=\"index, follow, max-snippet:-1, max-image-preview:large, max-video-preview:-1\" \/>\n<link rel=\"canonical\" href=\"https:\/\/sendnow.money\/blog\/es\/como-enviar-dinero-de-forma-segura-desde-una-tarjeta-con-la-aplicacion-sendnow\/\" \/>\n<meta property=\"og:locale\" content=\"en_US\" \/>\n<meta property=\"og:type\" content=\"article\" \/>\n<meta property=\"og:title\" content=\"C\u00f3mo enviar dinero de forma segura desde una tarjeta con la aplicaci\u00f3n SendNOW - Help &amp; Guides \u2014 SendNOW\" \/>\n<meta property=\"og:description\" content=\"Evita bloqueos de transferencias causados por datos no coincidentes entre la cuenta y el titular de la tarjeta. Enviar dinero desde una tarjeta a trav\u00e9s de la aplicaci\u00f3n de transferencias de dinero SendNOW es sencillo. Pero hay una regla importante que debes seguir. Esta protege tus fondos y asegura que tu transferencia se realice sin [&hellip;]\" \/>\n<meta property=\"og:url\" content=\"https:\/\/sendnow.money\/blog\/es\/como-enviar-dinero-de-forma-segura-desde-una-tarjeta-con-la-aplicacion-sendnow\/\" \/>\n<meta property=\"og:site_name\" content=\"Help &amp; Guides \u2014 SendNOW\" \/>\n<meta property=\"article:publisher\" content=\"https:\/\/www.facebook.com\/profile.php?id=100093676399740#\" \/>\n<meta property=\"article:modified_time\" content=\"2025-09-09T11:34:14+00:00\" \/>\n<meta property=\"og:image\" content=\"https:\/\/storage.googleapis.com\/sendnow-blog-prod-statless-media\/wp-content\/uploads\/f3cfdfc8-scratch2.png\" \/>\n\t<meta property=\"og:image:width\" content=\"1020\" \/>\n\t<meta property=\"og:image:height\" content=\"1650\" \/>\n\t<meta property=\"og:image:type\" content=\"image\/png\" \/>\n<meta name=\"twitter:card\" content=\"summary_large_image\" \/>\n<meta name=\"twitter:site\" content=\"@Send__NOW\" \/>\n<meta name=\"twitter:label1\" content=\"Est. reading time\" \/>\n\t<meta name=\"twitter:data1\" content=\"3 minutes\" \/>\n<script type=\"application\/ld+json\" class=\"yoast-schema-graph\">{\"@context\":\"https:\/\/schema.org\",\"@graph\":[{\"@type\":\"WebPage\",\"@id\":\"https:\/\/sendnow.money\/blog\/es\/como-enviar-dinero-de-forma-segura-desde-una-tarjeta-con-la-aplicacion-sendnow\/\",\"url\":\"https:\/\/sendnow.money\/blog\/es\/como-enviar-dinero-de-forma-segura-desde-una-tarjeta-con-la-aplicacion-sendnow\/\",\"name\":\"C\u00f3mo enviar dinero de forma segura desde una tarjeta con la aplicaci\u00f3n SendNOW - Help &amp; Guides \u2014 SendNOW\",\"isPartOf\":{\"@id\":\"https:\/\/sendnow.money\/blog\/#website\"},\"primaryImageOfPage\":{\"@id\":\"https:\/\/sendnow.money\/blog\/es\/como-enviar-dinero-de-forma-segura-desde-una-tarjeta-con-la-aplicacion-sendnow\/#primaryimage\"},\"image\":{\"@id\":\"https:\/\/sendnow.money\/blog\/es\/como-enviar-dinero-de-forma-segura-desde-una-tarjeta-con-la-aplicacion-sendnow\/#primaryimage\"},\"thumbnailUrl\":\"https:\/\/storage.googleapis.com\/sendnow-blog-prod-statless-media\/wp-content\/uploads\/f3cfdfc8-scratch2-633x1024.png\",\"datePublished\":\"2025-09-09T11:12:39+00:00\",\"dateModified\":\"2025-09-09T11:34:14+00:00\",\"breadcrumb\":{\"@id\":\"https:\/\/sendnow.money\/blog\/es\/como-enviar-dinero-de-forma-segura-desde-una-tarjeta-con-la-aplicacion-sendnow\/#breadcrumb\"},\"inLanguage\":\"en-US\",\"potentialAction\":[{\"@type\":\"ReadAction\",\"target\":[\"https:\/\/sendnow.money\/blog\/es\/como-enviar-dinero-de-forma-segura-desde-una-tarjeta-con-la-aplicacion-sendnow\/\"]}]},{\"@type\":\"ImageObject\",\"inLanguage\":\"en-US\",\"@id\":\"https:\/\/sendnow.money\/blog\/es\/como-enviar-dinero-de-forma-segura-desde-una-tarjeta-con-la-aplicacion-sendnow\/#primaryimage\",\"url\":\"https:\/\/storage.googleapis.com\/sendnow-blog-prod-statless-media\/wp-content\/uploads\/f3cfdfc8-scratch2-633x1024.png\",\"contentUrl\":\"https:\/\/storage.googleapis.com\/sendnow-blog-prod-statless-media\/wp-content\/uploads\/f3cfdfc8-scratch2-633x1024.png\"},{\"@type\":\"BreadcrumbList\",\"@id\":\"https:\/\/sendnow.money\/blog\/es\/como-enviar-dinero-de-forma-segura-desde-una-tarjeta-con-la-aplicacion-sendnow\/#breadcrumb\",\"itemListElement\":[{\"@type\":\"ListItem\",\"position\":1,\"name\":\"Home\",\"item\":\"https:\/\/sendnow.money\/blog\/\"},{\"@type\":\"ListItem\",\"position\":2,\"name\":\"C\u00f3mo enviar dinero de forma segura desde una tarjeta con la aplicaci\u00f3n SendNOW\"}]},{\"@type\":\"WebSite\",\"@id\":\"https:\/\/sendnow.money\/blog\/#website\",\"url\":\"https:\/\/sendnow.money\/blog\/\",\"name\":\"SendNOW Blog\",\"description\":\"Guides and tips on international money transfers with SendNOW\",\"publisher\":{\"@id\":\"https:\/\/sendnow.money\/blog\/#organization\"},\"potentialAction\":[{\"@type\":\"SearchAction\",\"target\":{\"@type\":\"EntryPoint\",\"urlTemplate\":\"https:\/\/sendnow.money\/blog\/?s={search_term_string}\"},\"query-input\":{\"@type\":\"PropertyValueSpecification\",\"valueRequired\":true,\"valueName\":\"search_term_string\"}}],\"inLanguage\":\"en-US\"},{\"@type\":\"Organization\",\"@id\":\"https:\/\/sendnow.money\/blog\/#organization\",\"name\":\"SendNOW Blog\",\"url\":\"https:\/\/sendnow.money\/blog\/\",\"logo\":{\"@type\":\"ImageObject\",\"inLanguage\":\"en-US\",\"@id\":\"https:\/\/sendnow.money\/blog\/#\/schema\/logo\/image\/\",\"url\":\"https:\/\/storage.googleapis.com\/sendnow-blog-prod-statless-media\/wp-content\/uploads\/28db9941-cropped-23ef375b-logo_min-scaled-1.png\",\"contentUrl\":\"https:\/\/storage.googleapis.com\/sendnow-blog-prod-statless-media\/wp-content\/uploads\/28db9941-cropped-23ef375b-logo_min-scaled-1.png\",\"width\":512,\"height\":512,\"caption\":\"SendNOW Blog\"},\"image\":{\"@id\":\"https:\/\/sendnow.money\/blog\/#\/schema\/logo\/image\/\"},\"sameAs\":[\"https:\/\/www.facebook.com\/profile.php?id=100093676399740#\",\"https:\/\/x.com\/Send__NOW\"]}]}<\/script>\n<!-- \/ Yoast SEO plugin. -->","yoast_head_json":{"title":"C\u00f3mo enviar dinero de forma segura desde una tarjeta con la aplicaci\u00f3n SendNOW - Help &amp; Guides \u2014 SendNOW","robots":{"index":"index","follow":"follow","max-snippet":"max-snippet:-1","max-image-preview":"max-image-preview:large","max-video-preview":"max-video-preview:-1"},"canonical":"https:\/\/sendnow.money\/blog\/es\/como-enviar-dinero-de-forma-segura-desde-una-tarjeta-con-la-aplicacion-sendnow\/","og_locale":"en_US","og_type":"article","og_title":"C\u00f3mo enviar dinero de forma segura desde una tarjeta con la aplicaci\u00f3n SendNOW - Help &amp; Guides \u2014 SendNOW","og_description":"Evita bloqueos de transferencias causados por datos no coincidentes entre la cuenta y el titular de la tarjeta. Enviar dinero desde una tarjeta a trav\u00e9s de la aplicaci\u00f3n de transferencias de dinero SendNOW es sencillo. Pero hay una regla importante que debes seguir. Esta protege tus fondos y asegura que tu transferencia se realice sin [&hellip;]","og_url":"https:\/\/sendnow.money\/blog\/es\/como-enviar-dinero-de-forma-segura-desde-una-tarjeta-con-la-aplicacion-sendnow\/","og_site_name":"Help &amp; Guides \u2014 SendNOW","article_publisher":"https:\/\/www.facebook.com\/profile.php?id=100093676399740#","article_modified_time":"2025-09-09T11:34:14+00:00","og_image":[{"width":1020,"height":1650,"url":"https:\/\/storage.googleapis.com\/sendnow-blog-prod-statless-media\/wp-content\/uploads\/f3cfdfc8-scratch2.png","type":"image\/png"}],"twitter_card":"summary_large_image","twitter_site":"@Send__NOW","twitter_misc":{"Est. reading time":"3 minutes"},"schema":{"@context":"https:\/\/schema.org","@graph":[{"@type":"WebPage","@id":"https:\/\/sendnow.money\/blog\/es\/como-enviar-dinero-de-forma-segura-desde-una-tarjeta-con-la-aplicacion-sendnow\/","url":"https:\/\/sendnow.money\/blog\/es\/como-enviar-dinero-de-forma-segura-desde-una-tarjeta-con-la-aplicacion-sendnow\/","name":"C\u00f3mo enviar dinero de forma segura desde una tarjeta con la aplicaci\u00f3n SendNOW - Help &amp; Guides \u2014 SendNOW","isPartOf":{"@id":"https:\/\/sendnow.money\/blog\/#website"},"primaryImageOfPage":{"@id":"https:\/\/sendnow.money\/blog\/es\/como-enviar-dinero-de-forma-segura-desde-una-tarjeta-con-la-aplicacion-sendnow\/#primaryimage"},"image":{"@id":"https:\/\/sendnow.money\/blog\/es\/como-enviar-dinero-de-forma-segura-desde-una-tarjeta-con-la-aplicacion-sendnow\/#primaryimage"},"thumbnailUrl":"https:\/\/storage.googleapis.com\/sendnow-blog-prod-statless-media\/wp-content\/uploads\/f3cfdfc8-scratch2-633x1024.png","datePublished":"2025-09-09T11:12:39+00:00","dateModified":"2025-09-09T11:34:14+00:00","breadcrumb":{"@id":"https:\/\/sendnow.money\/blog\/es\/como-enviar-dinero-de-forma-segura-desde-una-tarjeta-con-la-aplicacion-sendnow\/#breadcrumb"},"inLanguage":"en-US","potentialAction":[{"@type":"ReadAction","target":["https:\/\/sendnow.money\/blog\/es\/como-enviar-dinero-de-forma-segura-desde-una-tarjeta-con-la-aplicacion-sendnow\/"]}]},{"@type":"ImageObject","inLanguage":"en-US","@id":"https:\/\/sendnow.money\/blog\/es\/como-enviar-dinero-de-forma-segura-desde-una-tarjeta-con-la-aplicacion-sendnow\/#primaryimage","url":"https:\/\/storage.googleapis.com\/sendnow-blog-prod-statless-media\/wp-content\/uploads\/f3cfdfc8-scratch2-633x1024.png","contentUrl":"https:\/\/storage.googleapis.com\/sendnow-blog-prod-statless-media\/wp-content\/uploads\/f3cfdfc8-scratch2-633x1024.png"},{"@type":"BreadcrumbList","@id":"https:\/\/sendnow.money\/blog\/es\/como-enviar-dinero-de-forma-segura-desde-una-tarjeta-con-la-aplicacion-sendnow\/#breadcrumb","itemListElement":[{"@type":"ListItem","position":1,"name":"Home","item":"https:\/\/sendnow.money\/blog\/"},{"@type":"ListItem","position":2,"name":"C\u00f3mo enviar dinero de forma segura desde una tarjeta con la aplicaci\u00f3n SendNOW"}]},{"@type":"WebSite","@id":"https:\/\/sendnow.money\/blog\/#website","url":"https:\/\/sendnow.money\/blog\/","name":"SendNOW Blog","description":"Guides and tips on international money transfers with SendNOW","publisher":{"@id":"https:\/\/sendnow.money\/blog\/#organization"},"potentialAction":[{"@type":"SearchAction","target":{"@type":"EntryPoint","urlTemplate":"https:\/\/sendnow.money\/blog\/?s={search_term_string}"},"query-input":{"@type":"PropertyValueSpecification","valueRequired":true,"valueName":"search_term_string"}}],"inLanguage":"en-US"},{"@type":"Organization","@id":"https:\/\/sendnow.money\/blog\/#organization","name":"SendNOW Blog","url":"https:\/\/sendnow.money\/blog\/","logo":{"@type":"ImageObject","inLanguage":"en-US","@id":"https:\/\/sendnow.money\/blog\/#\/schema\/logo\/image\/","url":"https:\/\/storage.googleapis.com\/sendnow-blog-prod-statless-media\/wp-content\/uploads\/28db9941-cropped-23ef375b-logo_min-scaled-1.png","contentUrl":"https:\/\/storage.googleapis.com\/sendnow-blog-prod-statless-media\/wp-content\/uploads\/28db9941-cropped-23ef375b-logo_min-scaled-1.png","width":512,"height":512,"caption":"SendNOW Blog"},"image":{"@id":"https:\/\/sendnow.money\/blog\/#\/schema\/logo\/image\/"},"sameAs":["https:\/\/www.facebook.com\/profile.php?id=100093676399740#","https:\/\/x.com\/Send__NOW"]}]}},"_links":{"self":[{"href":"https:\/\/sendnow.money\/blog\/wp-json\/wp\/v2\/pages\/383","targetHints":{"allow":["GET"]}}],"collection":[{"href":"https:\/\/sendnow.money\/blog\/wp-json\/wp\/v2\/pages"}],"about":[{"href":"https:\/\/sendnow.money\/blog\/wp-json\/wp\/v2\/types\/page"}],"author":[{"embeddable":true,"href":"https:\/\/sendnow.money\/blog\/wp-json\/wp\/v2\/users\/3"}],"replies":[{"embeddable":true,"href":"https:\/\/sendnow.money\/blog\/wp-json\/wp\/v2\/comments?post=383"}],"version-history":[{"count":3,"href":"https:\/\/sendnow.money\/blog\/wp-json\/wp\/v2\/pages\/383\/revisions"}],"predecessor-version":[{"id":400,"href":"https:\/\/sendnow.money\/blog\/wp-json\/wp\/v2\/pages\/383\/revisions\/400"}],"wp:attachment":[{"href":"https:\/\/sendnow.money\/blog\/wp-json\/wp\/v2\/media?parent=383"}],"curies":[{"name":"wp","href":"https:\/\/api.w.org\/{rel}","templated":true}]}}