{"id":225,"date":"2025-09-04T15:56:48","date_gmt":"2025-09-04T13:56:48","guid":{"rendered":"https:\/\/sendnow.money\/blog\/?page_id=225"},"modified":"2025-09-04T18:01:21","modified_gmt":"2025-09-04T16:01:21","slug":"ueber-den-geldtransfer-dienst-sendnow","status":"publish","type":"page","link":"https:\/\/sendnow.money\/blog\/de\/ueber-den-geldtransfer-dienst-sendnow\/","title":{"rendered":"\u00dcber den Geldtransfer-Dienst SendNOW"},"content":{"rendered":"\n<p><a href=\"https:\/\/sendnow.money\/de?utm_source=blog_sendnow&amp;utm_campaign=blog_sendnow_promo&amp;utm_content=blog_sendnow_promo_about_de\" target=\"_blank\" rel=\"noreferrer noopener\">SendNOW ist ein Geldtransfer-Dienst<\/a>, der als Webanwendung und als mobile App f\u00fcr Android und iOS verf\u00fcgbar ist. Mit SendNOW k\u00f6nnen Sie Geld in 193 L\u00e4nder senden \u2013 mit vertrauten Zahlungsmethoden wie Bankkarten, Bankkonten oder Kryptow\u00e4hrungen.<\/p>\n\n\n\n<p><\/p>\n\n\n\n<p class=\"has-x-large-font-size\">Wof\u00fcr SendNOW verwendet wird<\/p>\n\n\n\n<p class=\"has-large-font-size\">Menschen nutzen SendNOW, um Geld an Verwandte, Freunde, Nachhilfelehrer, Online-Experten, Freiberufler und Remote-Mitarbeiter zu senden. Der Dienst kann auch verwendet werden, um Gesch\u00e4ftszahlungen zu empfangen oder f\u00fcr Dienstleistungen zu bezahlen.<\/p>\n\n\n\n<p class=\"has-large-font-size\"><\/p>\n\n\n\n<p class=\"has-x-large-font-size\">Wie SendNOW funktioniert<\/p>\n\n\n\n<p><a href=\"https:\/\/sendnow.money\/de?utm_source=blog_sendnow&amp;utm_campaign=blog_sendnow_promo&amp;utm_content=blog_sendnow_promo_about_de\" target=\"_blank\" rel=\"noreferrer noopener\">SendNOW \u00fcberweist Geld<\/a> von der angegebenen Zahlungsmethode des Absenders an die Daten des Empf\u00e4ngers. Der Dienst verwahrt keine Kundengelder, sondern f\u00fchrt Transittransaktionen zwischen den angegebenen Konten und Karten durch. Sie k\u00f6nnen Geld von einer Bankkarte, einem Bankkonto oder einer Kryptowallet senden und \u00dcberweisungen auf dieselben Arten empfangen.<\/p>\n\n\n\n<figure class=\"wp-block-embed is-type-video is-provider-youtube wp-block-embed-youtube wp-embed-aspect-16-9 wp-has-aspect-ratio\"><div class=\"wp-block-embed__wrapper\">\n<iframe loading=\"lazy\" title=\"Wie man Geld nach Russland \u00fcberweist | Internationale Geldtransfers mit SendNOW\" width=\"500\" height=\"281\" src=\"https:\/\/www.youtube.com\/embed\/KnuL-oBQhOw?feature=oembed\" frameborder=\"0\" allow=\"accelerometer; autoplay; clipboard-write; encrypted-media; gyroscope; picture-in-picture; web-share\" referrerpolicy=\"strict-origin-when-cross-origin\" allowfullscreen><\/iframe>\n<\/div><\/figure>\n\n\n\n<p><\/p>\n\n\n\n<p class=\"has-x-large-font-size\">Sicherheit und Transaktionskontrolle<\/p>\n\n\n\n<p>Jede \u00dcberweisung wird von einem Mitarbeiter \u00fcberpr\u00fcft. Wenn ein Fehler oder eine Ungenauigkeit in den Zahlungsdaten vorliegt, wird der Absender benachrichtigt. Der Absender hat dann die M\u00f6glichkeit, die Angaben zu korrigieren, damit das Geld die richtige Person oder das richtige Unternehmen erreicht. Dadurch wird das Risiko von R\u00fcck\u00fcberweisungen aufgrund falscher Daten verringert und die Nutzer werden vor Geldverlust gesch\u00fctzt.<\/p>\n\n\n\n<p><\/p>\n\n\n\n<p class=\"has-x-large-font-size\">Wie man mit <a href=\"https:\/\/sendnow.money\/de?utm_source=blog_sendnow&amp;utm_campaign=blog_sendnow_promo&amp;utm_content=blog_sendnow_promo_about_de\" target=\"_blank\" rel=\"noreferrer noopener\">SendNOW Geld sendet<\/a><\/p>\n\n\n\n<p>In den folgenden Artikeln erkl\u00e4ren wir, wie Sie Geld mit einer Karte senden, wie Sie eine \u00dcberweisung von einem Bankkonto vornehmen, wie Sie Kryptow\u00e4hrungen f\u00fcr Transfers nutzen und wie Sie mit SendNOW Gesch\u00e4ftszahlungen empfangen k\u00f6nnen.<\/p>\n\n\n\n<p><\/p>\n\n\n\n<h4 class=\"wp-block-heading\"><strong>Weitere n\u00fctzliche Beitr\u00e4ge und Anleitungen, die f\u00fcr Sie hilfreich sein k\u00f6nnen:<\/strong><\/h4>\n\n\n\n<p>Artikel dar\u00fcber, wie sich \u00c4nderungen im russischen Recht auf \u00dcberweisungen nach Russland \u00fcber SendNOW auswirken: [<a href=\"https:\/\/sendnow.money\/blog\/de\/wie-kann-man-2025-geld-nach-russland-ueberweisen\/\"><strong>Wie kann man 2025 Geld nach Russland \u00fcberweisen?<\/strong><\/a>]<\/p>\n\n\n\n<p>Wenn Sie Geld nach Russland per Kryptow\u00e4hrung senden m\u00fcssen, lesen Sie diese Anleitung: [<strong><a href=\"https:\/\/sendnow.money\/blog\/de\/so-senden-sie-geld-per-kryptowaehrung-in-der-sendnow-app-schritt-fuer-schritt-anleitung\/\">So senden Sie Geld per Kryptow\u00e4hrung in der SendNOW-App: Schritt-f\u00fcr-Schritt-Anleitung<\/a><\/strong>]<\/p>\n","protected":false},"excerpt":{"rendered":"<p>SendNOW ist ein Geldtransfer-Dienst, der als Webanwendung und als mobile App f\u00fcr Android und iOS verf\u00fcgbar ist. Mit SendNOW k\u00f6nnen Sie Geld in 193 L\u00e4nder senden \u2013 mit vertrauten Zahlungsmethoden wie Bankkarten, Bankkonten oder Kryptow\u00e4hrungen. Wof\u00fcr SendNOW verwendet wird Menschen nutzen SendNOW, um Geld an Verwandte, Freunde, Nachhilfelehrer, Online-Experten, Freiberufler und Remote-Mitarbeiter zu senden. Der [&hellip;]<\/p>\n","protected":false},"author":3,"featured_media":0,"parent":0,"menu_order":0,"comment_status":"closed","ping_status":"closed","template":"","meta":{"footnotes":""},"class_list":["post-225","page","type-page","status-publish","hentry"],"yoast_head":"<!-- This site is optimized with the Yoast SEO plugin v25.9 - https:\/\/yoast.com\/wordpress\/plugins\/seo\/ -->\n<title>\u00dcber den Geldtransfer-Dienst SendNOW - Help &amp; Guides \u2014 SendNOW<\/title>\n<meta name=\"robots\" content=\"index, follow, max-snippet:-1, max-image-preview:large, max-video-preview:-1\" \/>\n<link rel=\"canonical\" href=\"https:\/\/sendnow.money\/blog\/de\/ueber-den-geldtransfer-dienst-sendnow\/\" \/>\n<meta property=\"og:locale\" content=\"en_US\" \/>\n<meta property=\"og:type\" content=\"article\" \/>\n<meta property=\"og:title\" content=\"\u00dcber den Geldtransfer-Dienst SendNOW - Help &amp; Guides \u2014 SendNOW\" \/>\n<meta property=\"og:description\" content=\"SendNOW ist ein Geldtransfer-Dienst, der als Webanwendung und als mobile App f\u00fcr Android und iOS verf\u00fcgbar ist. Mit SendNOW k\u00f6nnen Sie Geld in 193 L\u00e4nder senden \u2013 mit vertrauten Zahlungsmethoden wie Bankkarten, Bankkonten oder Kryptow\u00e4hrungen. Wof\u00fcr SendNOW verwendet wird Menschen nutzen SendNOW, um Geld an Verwandte, Freunde, Nachhilfelehrer, Online-Experten, Freiberufler und Remote-Mitarbeiter zu senden. Der [&hellip;]\" \/>\n<meta property=\"og:url\" content=\"https:\/\/sendnow.money\/blog\/de\/ueber-den-geldtransfer-dienst-sendnow\/\" \/>\n<meta property=\"og:site_name\" content=\"Help &amp; Guides \u2014 SendNOW\" \/>\n<meta property=\"article:publisher\" content=\"https:\/\/www.facebook.com\/profile.php?id=100093676399740#\" \/>\n<meta property=\"article:modified_time\" content=\"2025-09-04T16:01:21+00:00\" \/>\n<meta name=\"twitter:card\" content=\"summary_large_image\" \/>\n<meta name=\"twitter:site\" content=\"@Send__NOW\" \/>\n<meta name=\"twitter:label1\" content=\"Est. reading time\" \/>\n\t<meta name=\"twitter:data1\" content=\"2 minutes\" \/>\n<script type=\"application\/ld+json\" class=\"yoast-schema-graph\">{\"@context\":\"https:\/\/schema.org\",\"@graph\":[{\"@type\":\"WebPage\",\"@id\":\"https:\/\/sendnow.money\/blog\/de\/ueber-den-geldtransfer-dienst-sendnow\/\",\"url\":\"https:\/\/sendnow.money\/blog\/de\/ueber-den-geldtransfer-dienst-sendnow\/\",\"name\":\"\u00dcber den Geldtransfer-Dienst SendNOW - Help &amp; Guides \u2014 SendNOW\",\"isPartOf\":{\"@id\":\"https:\/\/sendnow.money\/blog\/#website\"},\"datePublished\":\"2025-09-04T13:56:48+00:00\",\"dateModified\":\"2025-09-04T16:01:21+00:00\",\"breadcrumb\":{\"@id\":\"https:\/\/sendnow.money\/blog\/de\/ueber-den-geldtransfer-dienst-sendnow\/#breadcrumb\"},\"inLanguage\":\"en-US\",\"potentialAction\":[{\"@type\":\"ReadAction\",\"target\":[\"https:\/\/sendnow.money\/blog\/de\/ueber-den-geldtransfer-dienst-sendnow\/\"]}]},{\"@type\":\"BreadcrumbList\",\"@id\":\"https:\/\/sendnow.money\/blog\/de\/ueber-den-geldtransfer-dienst-sendnow\/#breadcrumb\",\"itemListElement\":[{\"@type\":\"ListItem\",\"position\":1,\"name\":\"Home\",\"item\":\"https:\/\/sendnow.money\/blog\/\"},{\"@type\":\"ListItem\",\"position\":2,\"name\":\"\u00dcber den Geldtransfer-Dienst SendNOW\"}]},{\"@type\":\"WebSite\",\"@id\":\"https:\/\/sendnow.money\/blog\/#website\",\"url\":\"https:\/\/sendnow.money\/blog\/\",\"name\":\"SendNOW Blog\",\"description\":\"Guides and tips on international money transfers with SendNOW\",\"publisher\":{\"@id\":\"https:\/\/sendnow.money\/blog\/#organization\"},\"potentialAction\":[{\"@type\":\"SearchAction\",\"target\":{\"@type\":\"EntryPoint\",\"urlTemplate\":\"https:\/\/sendnow.money\/blog\/?s={search_term_string}\"},\"query-input\":{\"@type\":\"PropertyValueSpecification\",\"valueRequired\":true,\"valueName\":\"search_term_string\"}}],\"inLanguage\":\"en-US\"},{\"@type\":\"Organization\",\"@id\":\"https:\/\/sendnow.money\/blog\/#organization\",\"name\":\"SendNOW Blog\",\"url\":\"https:\/\/sendnow.money\/blog\/\",\"logo\":{\"@type\":\"ImageObject\",\"inLanguage\":\"en-US\",\"@id\":\"https:\/\/sendnow.money\/blog\/#\/schema\/logo\/image\/\",\"url\":\"https:\/\/storage.googleapis.com\/sendnow-blog-prod-statless-media\/wp-content\/uploads\/28db9941-cropped-23ef375b-logo_min-scaled-1.png\",\"contentUrl\":\"https:\/\/storage.googleapis.com\/sendnow-blog-prod-statless-media\/wp-content\/uploads\/28db9941-cropped-23ef375b-logo_min-scaled-1.png\",\"width\":512,\"height\":512,\"caption\":\"SendNOW Blog\"},\"image\":{\"@id\":\"https:\/\/sendnow.money\/blog\/#\/schema\/logo\/image\/\"},\"sameAs\":[\"https:\/\/www.facebook.com\/profile.php?id=100093676399740#\",\"https:\/\/x.com\/Send__NOW\"]}]}<\/script>\n<!-- \/ Yoast SEO plugin. -->","yoast_head_json":{"title":"\u00dcber den Geldtransfer-Dienst SendNOW - Help &amp; Guides \u2014 SendNOW","robots":{"index":"index","follow":"follow","max-snippet":"max-snippet:-1","max-image-preview":"max-image-preview:large","max-video-preview":"max-video-preview:-1"},"canonical":"https:\/\/sendnow.money\/blog\/de\/ueber-den-geldtransfer-dienst-sendnow\/","og_locale":"en_US","og_type":"article","og_title":"\u00dcber den Geldtransfer-Dienst SendNOW - Help &amp; Guides \u2014 SendNOW","og_description":"SendNOW ist ein Geldtransfer-Dienst, der als Webanwendung und als mobile App f\u00fcr Android und iOS verf\u00fcgbar ist. Mit SendNOW k\u00f6nnen Sie Geld in 193 L\u00e4nder senden \u2013 mit vertrauten Zahlungsmethoden wie Bankkarten, Bankkonten oder Kryptow\u00e4hrungen. Wof\u00fcr SendNOW verwendet wird Menschen nutzen SendNOW, um Geld an Verwandte, Freunde, Nachhilfelehrer, Online-Experten, Freiberufler und Remote-Mitarbeiter zu senden. Der [&hellip;]","og_url":"https:\/\/sendnow.money\/blog\/de\/ueber-den-geldtransfer-dienst-sendnow\/","og_site_name":"Help &amp; Guides \u2014 SendNOW","article_publisher":"https:\/\/www.facebook.com\/profile.php?id=100093676399740#","article_modified_time":"2025-09-04T16:01:21+00:00","twitter_card":"summary_large_image","twitter_site":"@Send__NOW","twitter_misc":{"Est. reading time":"2 minutes"},"schema":{"@context":"https:\/\/schema.org","@graph":[{"@type":"WebPage","@id":"https:\/\/sendnow.money\/blog\/de\/ueber-den-geldtransfer-dienst-sendnow\/","url":"https:\/\/sendnow.money\/blog\/de\/ueber-den-geldtransfer-dienst-sendnow\/","name":"\u00dcber den Geldtransfer-Dienst SendNOW - Help &amp; Guides \u2014 SendNOW","isPartOf":{"@id":"https:\/\/sendnow.money\/blog\/#website"},"datePublished":"2025-09-04T13:56:48+00:00","dateModified":"2025-09-04T16:01:21+00:00","breadcrumb":{"@id":"https:\/\/sendnow.money\/blog\/de\/ueber-den-geldtransfer-dienst-sendnow\/#breadcrumb"},"inLanguage":"en-US","potentialAction":[{"@type":"ReadAction","target":["https:\/\/sendnow.money\/blog\/de\/ueber-den-geldtransfer-dienst-sendnow\/"]}]},{"@type":"BreadcrumbList","@id":"https:\/\/sendnow.money\/blog\/de\/ueber-den-geldtransfer-dienst-sendnow\/#breadcrumb","itemListElement":[{"@type":"ListItem","position":1,"name":"Home","item":"https:\/\/sendnow.money\/blog\/"},{"@type":"ListItem","position":2,"name":"\u00dcber den Geldtransfer-Dienst SendNOW"}]},{"@type":"WebSite","@id":"https:\/\/sendnow.money\/blog\/#website","url":"https:\/\/sendnow.money\/blog\/","name":"SendNOW Blog","description":"Guides and tips on international money transfers with SendNOW","publisher":{"@id":"https:\/\/sendnow.money\/blog\/#organization"},"potentialAction":[{"@type":"SearchAction","target":{"@type":"EntryPoint","urlTemplate":"https:\/\/sendnow.money\/blog\/?s={search_term_string}"},"query-input":{"@type":"PropertyValueSpecification","valueRequired":true,"valueName":"search_term_string"}}],"inLanguage":"en-US"},{"@type":"Organization","@id":"https:\/\/sendnow.money\/blog\/#organization","name":"SendNOW Blog","url":"https:\/\/sendnow.money\/blog\/","logo":{"@type":"ImageObject","inLanguage":"en-US","@id":"https:\/\/sendnow.money\/blog\/#\/schema\/logo\/image\/","url":"https:\/\/storage.googleapis.com\/sendnow-blog-prod-statless-media\/wp-content\/uploads\/28db9941-cropped-23ef375b-logo_min-scaled-1.png","contentUrl":"https:\/\/storage.googleapis.com\/sendnow-blog-prod-statless-media\/wp-content\/uploads\/28db9941-cropped-23ef375b-logo_min-scaled-1.png","width":512,"height":512,"caption":"SendNOW Blog"},"image":{"@id":"https:\/\/sendnow.money\/blog\/#\/schema\/logo\/image\/"},"sameAs":["https:\/\/www.facebook.com\/profile.php?id=100093676399740#","https:\/\/x.com\/Send__NOW"]}]}},"_links":{"self":[{"href":"https:\/\/sendnow.money\/blog\/wp-json\/wp\/v2\/pages\/225","targetHints":{"allow":["GET"]}}],"collection":[{"href":"https:\/\/sendnow.money\/blog\/wp-json\/wp\/v2\/pages"}],"about":[{"href":"https:\/\/sendnow.money\/blog\/wp-json\/wp\/v2\/types\/page"}],"author":[{"embeddable":true,"href":"https:\/\/sendnow.money\/blog\/wp-json\/wp\/v2\/users\/3"}],"replies":[{"embeddable":true,"href":"https:\/\/sendnow.money\/blog\/wp-json\/wp\/v2\/comments?post=225"}],"version-history":[{"count":4,"href":"https:\/\/sendnow.money\/blog\/wp-json\/wp\/v2\/pages\/225\/revisions"}],"predecessor-version":[{"id":252,"href":"https:\/\/sendnow.money\/blog\/wp-json\/wp\/v2\/pages\/225\/revisions\/252"}],"wp:attachment":[{"href":"https:\/\/sendnow.money\/blog\/wp-json\/wp\/v2\/media?parent=225"}],"curies":[{"name":"wp","href":"https:\/\/api.w.org\/{rel}","templated":true}]}}